 - -5?
1e858
In base 14, what is 106d8 + -a?
106cc
In base 3, what is 102201 + -110?
102021
In base 9, what is -2 + -8661?
-8663
In base 6, what is -10 - -114314?
114304
In base 11, what is 367 - -81?
438
In base 6, what is -1233000 - 44?
-1233044
In base 9, what is 275 - -513?
788
In base 2, what is 10111110 - -1100001011?
1111001001
In base 9, what is -18 + -85731?
-85750
In base 6, what is 111 - -1055?
1210
In base 9, what is -20 + -231?
-251
In base 7, what is 1 + -212364?
-212363
In base 8, what is -4212 - -67?
-4123
In base 14, what is 1b730 - 12?
1b71c
In base 5, what is -1120 + 20?
-1100
In base 15, what is 2 + -12e9d?
-12e9b
In base 16, what is -233 - 47b?
-6ae
In base 3, what is 2002 + 1012102200?
1012111202
In base 2, what is 11001100010 + -100010?
11001000000
In base 6, what is -2255 - -12001?
5302
In base 3, what is -101202211 - 101201?
-102011112
In base 7, what is -441621 + 0?
-441621
In base 13, what is -2 + -93870?
-93872
In base 13, what is -5 + 49338?
49333
In base 11, what is 4 - 132350?
-132347
In base 12, what is 41678 - 4?
41674
In base 14, what is 1 + c02?
c03
In base 6, what is 2201 - -122?
2323
In base 8, what is -4037 - -616?
-3221
In base 4, what is 32 + -21123?
-21031
In base 10, what is 1 + -29475?
-29474
In base 3, what is -100 + 20120211122?
20120211022
In base 5, what is 22 + -103141?
-103114
In base 13, what is -b2 + -154?
-236
In base 13, what is -1213bc - 4?
-1213c3
In base 5, what is -11132 - 233?
-11420
In base 5, what is 11 + -2202314?
-2202303
In base 9, what is -1042881 + 3?
-1042877
In base 10, what is 1486 - -156?
1642
In base 15, what is 200b + 16?
2022
In base 3, what is -100112112211 + -100?
-100112120011
In base 6, what is 330 + -2522?
-2152
In base 4, what is 130113 + -302?
123211
In base 9, what is -4 - 11647?
-11652
In base 7, what is -42 - 34324?
-34366
In base 12, what is 10 + 14b9?
1509
In base 2, what is 1100010 + -10101?
1001101
In base 4, what is 3 + 1100220?
1100223
In base 12, what is -534a5 + 7?
-5349a
In base 3, what is 11212 - 1001101?
-212112
In base 14, what is -22309 - 0?
-22309
In base 15, what is -3 + cb79?
cb76
In base 4, what is 11 - -21212133?
21212210
In base 13, what is 4 - -7184?
7188
In base 3, what is 1111001202202 + 11?
1111001202220
In base 12, what is -8 - 588598?
-5885a4
In base 14, what is b + aa090?
aa09b
In base 6, what is 14544 + -542?
14002
In base 9, what is -3 + -8360?
-8363
In base 7, what is 1541 - 34?
1504
In base 12, what is 1 + -27bb99?
-27bb98
In base 4, what is -112331103 - 2?
-112331111
In base 11, what is 3a1422a - 4?
3a14226
In base 6, what is 20 + -11012?
-10552
In base 6, what is -125053 - 3?
-125100
In base 16, what is -27 - -3c44?
3c1d
In base 7, what is -1 - -2253652?
2253651
In base 4, what is -12123011 - 2?
-12123013
In base 9, what is 50215 + 4?
50220
In base 16, what is 104f8 - 3?
104f5
In base 8, what is -1103 - 2232?
-3335
In base 4, what is -2230 - -13100?
10210
In base 12, what is -75 - -441?
388
In base 3, what is 110 - -1102102100?
1102102210
In base 10, what is 1006 + 185?
1191
In base 7, what is -4441 + 24?
-4414
In base 11, what is -148a + -6a0?
-207a
In base 10, what is -703 - 369?
-1072
In base 10, what is 7371 + -8?
7363
In base 7, what is -50 - -25006?
24626
In base 6, what is 2014204 + 11?
2014215
In base 8, what is -7 + 332132?
332123
In base 10, what is 0 - 4046?
-4046
In base 15, what is 6 + -22451?
-2244a
In base 7, what is -3 + -2131612?
-2131615
In base 15, what is 5 - -472?
477
In base 12, what is -527 + -788?
-10b3
In base 7, what is -25 + -221?
-246
In base 14, what is -6 - -2870?
2868
In base 3, what is -2 + 10112201?
10112122
In base 4, what is -10133121 + 131?
-10132330
In base 7, what is 0 + -21313?
-21313
In base 12, what is 27 + -557b?
-5554
In base 11, what is 394992 - -1?
394993
In base 3, what is -122 - 1122001?
-1122200
In base 8, what is 0 - -26276?
26276
In base 5, what is -431344 + -12?
-431411
In base 5, what is 41244 + -20340?
20404
In base 3, what is 11011120001 + -1?
11011120000
In base 2, what is -11101101100 - -1101000?
-11100000100
In base 15, what is 5 + 540?
545
In base 11, what is -3a29114 + -4?
-3a29118
In base 8, what is -1525 + 245?
-1260
In base 4, what is -2221022 + 12?
-2221010
In base 5, what is 33341421 - 4?
33341412
In base 12, what is bba - -b1?
10ab
In base 13, what is -326 - 43?
-369
In base 7, what is 1305056 + 3?
1305062
In base 5, what is 1 - 230141312?
-230141311
In base 10, what is 17702922 - -3?
17702925
In base 2, what is 1 - 111100011001100110?
-111100011001100101
In base 6, what is 1 - 22510555?
-22510554
In base 15, what is 9e2 - 671?
371
In base 2, what is 1000010 + -110101011011?
-110100011001
In base 10, what is 4023 + 14?
4037
In base 4, what is -13033230 - -2?
-13033222
In base 13, what is 4 + 2656?
265a
In base 14, what is -4 - -5346?
5342
In base 15, what is -6636 + -3?
-6639
In base 8, what is 26 + 5010?
5036
In base 15, what is -10 + 3cb5?
3ca5
In base 2, what is -101111 - 10010100010?
-10011010001
In base 8, what is -2037 + -272?
-2331
In base 4, what is -1133211 + -121?
-1133332
In base 10, what is -118 + 71824?
71706
In base 6, what is -12 - -10204?
10152
In base 14, what is -3b8 - 1b6?
-590
In base 3, what is 2222211011210 - -10?
2222211011220
In base 13, what is 197a - 27?
1953
In base 11, what is 22a1332 + -4?
22a1329
In base 2, what is -101100101 - -1100?
-101011001
In base 4, what is -1 + -101032120?
-101032121
In base 9, what is 324 + -166?
147
In base 7, what is -4 + 1124431?
1124424
In base 12, what is -463 - 67?
-50a
In base 14, what is -5 - -13?
c
In base 5, what is 31202 + -1200?
30002
In base 4, what is 1232 - -112322?
120220
In base 13, what is 41b - 92?
359
In base 5, what is -32 + -21404?
-21441
In base 2, what is -1001111 - -101111101110?
101110011111
In base 3, what is 211 - -11112102?
11120020
In base 9, what is 404 - -1566?
2071
In base 14, what is -22 + 1305a?
13038
In base 15, what is b5 - -6561?
6626
In base 2, what is 110100000100 + 100110?
110100101010
In base 7, what is 3 - -115355?
115361
In base 16, what is 1 - 1adf?
-1ade
In base 15, what is 235b - 3?
2358
In base 10, what is 863290 - 0?
863290
In base 13, what is 364 + c24?
1288
In base 14, what is -1bbcb + -3?
-1bbd0
In base 3, what is 11110021 - 111?
11102210
In base 13, what is -b0a + 17?
-ac3
In base 9, what is 118 - -5?
124
In base 6, what is -12213 - -10?
-12203
In base 13, what is -36 + 834?
7cb
In base 11, what is -159 - 17?
-175
In base 7, what is 1365155 - -6?
1365164
In base 12, what is -5050 + 31?
-501b
In base 13, what is a6c + 2?
a71
In base 5, what is -4 + -20402410?
-20402414
In base 16, what is 8 + fb08?
fb10
In base 5, what is 20002 + -1313?
13134
In base 15, what is 8 - 13c4a?
-13c42
In base 13, what is 276c3 + 1?
276c4
In base 10, what is 0 - -36822?
36822
In base 2, what is 11011 - 1000101011111?
-1000101000100
In base 6, what is 21344 - -112?
21500
In base 5, what is 402 - 41003?
-40101
In base 13, what is 196 + -6?
190
In base 3, what is -21 + 122011?
121220
In base 5, what is 11024312 + -30?
11024232
In base 5, what is -11303324 + -1?
-11303330
In base 8, what is -162 + 7714?
7532
In base 6, what is -110214 + 14?
-110200
In base 14, what is -2 - -1093?
1091
In base 4, what is -1 + 310020133?
310020132
In base 13, what is 4 - -88366?
8836a
In base 13, what is -1c278 + 5?
-1c273
In base 15, what is 4d22db - 4?
4d22d7
In base 8, what is -5 - 122747?
-122754
In base 3, what is -1112201 + 120?
-1112011
In base 9, what is 2 - -2674863?
2674865
In base 10, what is 73 - 3312?
-3239
In base 14, what is 4 - -2178?
217c
In base 4, what is -103100 + 1301?
-101133
In base 10, what is 23 + 4174?
4197
In base 4, what is 10111 + 33?
10210
In base 12, what is -84ba - -26?
-8494
In base 2, what is 101110 - 1011001000?
-1010011010
In base 15, what is -10376 - -4?
-10372
In base 4, what is -2211013301 - 0?
-2211013301
In base 7, what is -13226 - 23?
-13252
In base 13, what is -4770 - -1?
-476c
In base 14, what is -536a - -5?
-5365
In base 2, what is -100 - 1111001011?
-1111001111
In base 6, what is 555 + -21?
534
In base 16, what is -50 - -8ec?
89c
In base 12, what is 381 - -a8?
469
In base 3, what is 20011010 + 200?
20011210
In base 12, what is -13660 - -1?
-1365b
In base 13